{"id":19436,"date":"2026-01-12T13:49:18","date_gmt":"2026-01-12T13:49:18","guid":{"rendered":"https:\/\/city.maxim-design.de\/?post_type=property&#038;p=19436"},"modified":"2026-02-27T21:11:31","modified_gmt":"2026-02-27T21:11:31","slug":"exklusive-4zkb-whg-mit-balkon-und-aufzug-in-telgte","status":"publish","type":"property","link":"https:\/\/citykontaktimmobilien.de\/?property=exklusive-4zkb-whg-mit-balkon-und-aufzug-in-telgte","title":{"rendered":"Exklusive 4ZKB Whg. mit Balkon und Aufzug in Telgte"},"content":{"rendered":"<p><strong>Objektbeschreibung<\/strong><\/p>\n<p>Die zur Vermietung stehende 4ZKB Whg. mit Balkon und Aufzug im 1. OG\u00a0 befindet sich in einem vor 4 Jahren bebauten neubau Mehrfamilienhaus in der N\u00e4he zur Innenstadt-Telgte.<\/p>\n<p>Das Mehrfamilienhaus umfasst 11 Wohnungen verschiedener Gr\u00f6\u00dfen mit 2-3-4 Zimmern, Bad mit Dusche, sowie Balkon\/Terrasse\/Dachterrasse.<\/p>\n<p>Die Wohnung hat eine offene K\u00fcche ausgestatet mit EBK Inkl. Elektroger\u00e4ten, die Monatlich 70,00\u20ac zur Nutzung steht.<\/p>\n<p>Zur der Wohnung geh\u00f6rt noch ein Kellerraum, ein Auto Au\u00dfenstellplatz,\u00a0 Allgemeine Waschkeller mit Waschmaschinen und Trocknerstellplatz und Fahrradstellplatz.<\/p>\n<p>&nbsp;<\/p>\n<p><strong>Lage<\/strong><\/p>\n<p>Der Neubau befindet sich in Telgte, ca. 1km vom Zentrum entfernt.<\/p>\n<p>Ausstattung<strong><br \/>\n<\/strong><\/p>\n<p>Die Wohnung :<\/p>\n<p>\u2013 Gro\u00dfe Wohnzimmer mit Kochinsel- offener K\u00fcche<\/p>\n<p>\u2013 K\u00fcche ist\u00a0 ausgestattet mit EBK Inkl. Elektroger\u00e4ten.<\/p>\n<p>\u2013 Die K\u00fcche wird zur Nutzung 70,00\u20ac\/mtl. berechnet.<\/p>\n<p>\u2013 3 Schlafzimmer<\/p>\n<p>\u2013 Bad mit Dusche und Designer-Ausstattungen<\/p>\n<p>\u2013 Diele<\/p>\n<p>\u2013 Abstellraum<\/p>\n<p>\u2013 Kellerraum Ca. 7,00m\u00b2<\/p>\n<p>\u2013 Autostellplatz au\u00dfen zzgl. 25,00\u20ac\/mtl.<\/p>\n<p>\u2013 Bodenbelag Vinyl Holzoptik<\/p>\n<p>\u2013 Bad gefliest<\/p>\n<p>\u2013 Fu\u00dfbodenheizung<\/p>\n<p>Das Geb\u00e4ude<\/p>\n<p>\u2013 3 Geschosse<\/p>\n<p>\u2013 Klinkerfassade<\/p>\n<p>\u2013 Dreifachverglaste Fenster<\/p>\n<p>\u2013 Elektrische Kunststoffrolll\u00e4den<\/p>\n<p>\u2013 Luft\/Wasser WP Heizung \/Umweltw\u00e4rme und Solar<\/p>\n<p>\u2013 Aufzug<\/p>\n<p>\u2013 Zur allgemeinen Nutzung Waschkeller u. Fahrradkeller<\/p>\n<p><strong>Infrastruktur<\/strong><\/p>\n<p>\u2013 B\u00fcrgerhaus Telgte 1 km<br \/>\n\u2013 Innenstadt Telgte Matktplatz 1 km<br \/>\n\u2013 800 m zum Emskanal.<br \/>\n\u2013 D\u00fcmmertparkanlage 800m<br \/>\n\u2013 Religio Westf\u00e4lisches Museum 1,2 km<br \/>\n\u2013 Nettofiliale fu\u00dfl\u00e4ufig 350m<br \/>\n\u2013 M\u00fcnster Innenstadt 13 km<br \/>\n\u2013 Autobahnanbindung A43 \u00fcber die Umgehungstra\u00dfe B51<br \/>\n\u2013 Die Schulen, Banken und der Einkauf des t\u00e4glichen Bedarfs befinden sich umliegend in unmittelbarer N\u00e4he.<\/p>\n<p>&nbsp;<\/p>\n<p><strong>Energieausweis<\/strong><\/p>\n<p>Typ:Bedarf<br \/>\nKennwert:30,1 Wh\/(m\u00b2a)<br \/>\nWW inkl.:Ja<br \/>\nEnergietr\u00e4ger \/Heiz. Art:LWWP\/Solar\/Strom<br \/>\nEFK:A+, Erstellungsdatum: 19.08.20 G\u00fcltig bis 2030<\/p>\n","protected":false},"excerpt":{"rendered":"<p>Objektbeschreibung Die zur Vermietung stehende 4ZKB Whg. mit Balkon und Aufzug im 1. OG\u00a0 befindet sich in einem vor 4 Jahren bebauten neubau Mehrfamilienhaus in der N\u00e4he zur Innenstadt-Telgte. Das Mehrfamilienhaus umfasst 11 Wohnungen verschiedener Gr\u00f6\u00dfen mit 2-3-4 Zimmern, Bad mit Dusche, sowie Balkon\/Terrasse\/Dachterrasse. Die Wohnung hat eine offene K\u00fcche ausgestatet mit EBK Inkl. Elektroger\u00e4ten, [&hellip;]<\/p>\n","protected":false},"author":2,"featured_media":19613,"parent":0,"menu_order":0,"template":"","property_type":[31,81],"property_status":[123],"property_feature":[],"property_label":[43],"property_country":[115],"property_state":[139],"property_city":[138],"property_area":[155],"class_list":["post-19436","property","type-property","status-publish","has-post-thumbnail","hentry","property_type-private-immobilien","property_type-vermietung","property_status-zur-vermietung","property_label-exklusiv","property_country-deutschland","property_state-nordrhein-westfalen","property_city-telgte","property_area-mitte"],"property_meta":{"fave_property_bathrooms":["1"],"fave_property_bedrooms":["3"],"fave_property_rooms":["4"],"fave_property_size":["102"],"fave_property_year":["2021"],"fave_property_price":["1100"],"fave_property_price_postfix":["Kaltmiete"],"fave_show_price_placeholder":["0"],"fave_additional_features_enable":["enable"],"fave_featured":["0"],"houzez_featured_listing_date":[""],"fave_loggedintoview":["0"],"fave_neben-und-betriebskosten":["370"],"fave_heizkosten":["inkl. Heizkosten"],"fave_property_zip":["48291"],"fave_property_map_address":["Ostbeverner Str. 62, Telgte, 48291, Deutschland"],"fave_property_address":["Ostbeverner Str. 62, Telgte, 48291, Deutschland"],"houzez_geolocation_lat":["51.9884318"],"houzez_geolocation_long":["7.7984581"],"fave_property_location":["51.9884318,7.7984581"],"fave_property_map":["1"],"fave_property_map_street_view":[null],"fave_property_id":["Cki 1667"],"fave_property_disclaimer":["Unsere Angebote basieren auf den Angaben unseres Auftraggebers. Eine Haftung f\u00fcr die Richtigkeit und Vollst\u00e4ndigkeit der Angebote werden von uns nicht \u00fcbernommen."],"fave_energy_class":["A+"],"fave_renewable_energy_global_index":["Bedarf"],"fave_payment_status":["not_paid"],"fave_agent_display_option":["author_info"],"fave_mortgage_cal":["0"],"houzez_total_property_views":["96"],"houzez_views_by_date":["a:39:{s:10:\"01-12-2026\";i:6;s:10:\"01-13-2026\";i:16;s:10:\"01-15-2026\";i:6;s:10:\"01-18-2026\";i:2;s:10:\"01-20-2026\";i:1;s:10:\"01-21-2026\";i:17;s:10:\"01-25-2026\";i:1;s:10:\"01-26-2026\";i:1;s:10:\"01-27-2026\";i:3;s:10:\"01-31-2026\";i:1;s:10:\"02-13-2026\";i:1;s:10:\"02-25-2026\";i:1;s:10:\"03-01-2026\";i:2;s:10:\"03-03-2026\";i:2;s:10:\"03-07-2026\";i:1;s:10:\"03-10-2026\";i:2;s:10:\"03-13-2026\";i:1;s:10:\"03-15-2026\";i:1;s:10:\"03-17-2026\";i:1;s:10:\"03-18-2026\";i:1;s:10:\"03-20-2026\";i:2;s:10:\"03-23-2026\";i:2;s:10:\"03-24-2026\";i:1;s:10:\"03-25-2026\";i:2;s:10:\"03-26-2026\";i:1;s:10:\"03-29-2026\";i:1;s:10:\"03-30-2026\";i:2;s:10:\"04-02-2026\";i:3;s:10:\"04-06-2026\";i:1;s:10:\"04-07-2026\";i:2;s:10:\"04-11-2026\";i:1;s:10:\"04-12-2026\";i:1;s:10:\"04-14-2026\";i:1;s:10:\"04-16-2026\";i:1;s:10:\"04-20-2026\";i:1;s:10:\"04-21-2026\";i:1;s:10:\"04-22-2026\";i:2;s:10:\"04-23-2026\";i:1;s:10:\"04-28-2026\";i:3;}"],"houzez_recently_viewed":["2026-04-28 22:02:28"],"_edit_lock":["1768295335:1"],"_edit_last":["1"],"fave_single_top_area":["global"],"fave_single_content_area":["global"],"houzez_manual_expire":["0"],"_houzez_expiration_date_status":["saved"],"fave_property_garage":[""],"fave_property_garage_size":[""],"fave_property_price_placeholder":[""],"fave_property_price_prefix":[""],"fave_property_sec_price":[""],"additional_features":[""],"floor_plans":[""],"fave_multi_units":[""],"fave_virtual_tour":[""],"fave_video_url":[""],"fave_private_note":[""],"fave_energy_global_index":["30,10"],"fave_energy_performance":["Ja"],"fave_epc_current_rating":["Solar, Strom, LW W\u00e4rmepumpe"],"fave_epc_potential_rating":["G\u00fcltig bis 2041"],"fave_anzahl-terrasse":["1"],"fave_einbaukc3bcche-vorhanden":["Ja"],"fave_preis-einbaukc3bcche-mtl":["70.00"],"fave_aufzug":["Ja"],"fave_property_images":["19619","19600","19612","19595","19594","19593","19596","19597","19598","19617","19599","19601","19602","19603","19606","19607","19608","19611","19613","19605","19604","19616","19618"],"_thumbnail_id":["19613"],"fave_attachments":["19620"],"_elementor_page_assets":["a:0:{}"]},"_links":{"self":[{"href":"https:\/\/citykontaktimmobilien.de\/index.php?rest_route=\/wp\/v2\/Objekte\/19436","targetHints":{"allow":["GET"]}}],"collection":[{"href":"https:\/\/citykontaktimmobilien.de\/index.php?rest_route=\/wp\/v2\/Objekte"}],"about":[{"href":"https:\/\/citykontaktimmobilien.de\/index.php?rest_route=\/wp\/v2\/types\/property"}],"author":[{"embeddable":true,"href":"https:\/\/citykontaktimmobilien.de\/index.php?rest_route=\/wp\/v2\/users\/2"}],"version-history":[{"count":2,"href":"https:\/\/citykontaktimmobilien.de\/index.php?rest_route=\/wp\/v2\/Objekte\/19436\/revisions"}],"predecessor-version":[{"id":19438,"href":"https:\/\/citykontaktimmobilien.de\/index.php?rest_route=\/wp\/v2\/Objekte\/19436\/revisions\/19438"}],"wp:featuredmedia":[{"embeddable":true,"href":"https:\/\/citykontaktimmobilien.de\/index.php?rest_route=\/wp\/v2\/media\/19613"}],"wp:attachment":[{"href":"https:\/\/citykontaktimmobilien.de\/index.php?rest_route=%2Fwp%2Fv2%2Fmedia&parent=19436"}],"wp:term":[{"taxonomy":"property_type","embeddable":true,"href":"https:\/\/citykontaktimmobilien.de\/index.php?rest_route=%2Fwp%2Fv2%2Fproperty_type&post=19436"},{"taxonomy":"property_status","embeddable":true,"href":"https:\/\/citykontaktimmobilien.de\/index.php?rest_route=%2Fwp%2Fv2%2Fproperty_status&post=19436"},{"taxonomy":"property_feature","embeddable":true,"href":"https:\/\/citykontaktimmobilien.de\/index.php?rest_route=%2Fwp%2Fv2%2Fproperty_feature&post=19436"},{"taxonomy":"property_label","embeddable":true,"href":"https:\/\/citykontaktimmobilien.de\/index.php?rest_route=%2Fwp%2Fv2%2Fproperty_label&post=19436"},{"taxonomy":"property_country","embeddable":true,"href":"https:\/\/citykontaktimmobilien.de\/index.php?rest_route=%2Fwp%2Fv2%2Fproperty_country&post=19436"},{"taxonomy":"property_state","embeddable":true,"href":"https:\/\/citykontaktimmobilien.de\/index.php?rest_route=%2Fwp%2Fv2%2Fproperty_state&post=19436"},{"taxonomy":"property_city","embeddable":true,"href":"https:\/\/citykontaktimmobilien.de\/index.php?rest_route=%2Fwp%2Fv2%2Fproperty_city&post=19436"},{"taxonomy":"property_area","embeddable":true,"href":"https:\/\/citykontaktimmobilien.de\/index.php?rest_route=%2Fwp%2Fv2%2Fproperty_area&post=19436"}],"curies":[{"name":"wp","href":"https:\/\/api.w.org\/{rel}","templated":true}]}}

<p><strong>Objektbeschreibung</strong></p>
<p>Die zur Vermietung stehende 4ZKB Whg. mit Balkon und Aufzug im 1. OG  befindet sich in einem vor 4 Jahren bebauten neubau Mehrfamilienhaus in der Nähe zur Innenstadt-Telgte.</p>
<p>Das Mehrfamilienhaus umfasst 11 Wohnungen verschiedener Größen mit 2-3-4 Zimmern, Bad mit Dusche, sowie Balkon/Terrasse/Dachterrasse.</p>
<p>Die Wohnung hat eine offene Küche ausgestatet mit EBK Inkl. Elektrogeräten, die Monatlich 70,00€ zur Nutzung steht.</p>
<p>Zur der Wohnung gehört noch ein Kellerraum, ein Auto Außenstellplatz,  Allgemeine Waschkeller mit Waschmaschinen und Trocknerstellplatz und Fahrradstellplatz.</p>
<p>&nbsp;</p>
<p><strong>Lage</strong></p>
<p>Der Neubau befindet sich in Telgte, ca. 1km vom Zentrum entfernt.</p>
<p>Ausstattung<strong><br />
</strong></p>
<p>Die Wohnung :</p>
<p>– Große Wohnzimmer mit Kochinsel- offener Küche</p>
<p>– Küche ist  ausgestattet mit EBK Inkl. Elektrogeräten.</p>
<p>– Die Küche wird zur Nutzung 70,00€/mtl. berechnet.</p>
<p>– 3 Schlafzimmer</p>
<p>– Bad mit Dusche und Designer-Ausstattungen</p>
<p>– Diele</p>
<p>– Abstellraum</p>
<p>– Kellerraum Ca. 7,00m²</p>
<p>– Autostellplatz außen zzgl. 25,00€/mtl.</p>
<p>– Bodenbelag Vinyl Holzoptik</p>
<p>– Bad gefliest</p>
<p>– Fußbodenheizung</p>
<p>Das Gebäude</p>
<p>– 3 Geschosse</p>
<p>– Klinkerfassade</p>
<p>– Dreifachverglaste Fenster</p>
<p>– Elektrische Kunststoffrollläden</p>
<p>– Luft/Wasser WP Heizung /Umweltwärme und Solar</p>
<p>– Aufzug</p>
<p>– Zur allgemeinen Nutzung Waschkeller u. Fahrradkeller</p>
<p><strong>Infrastruktur</strong></p>
<p>– Bürgerhaus Telgte 1 km<br />
– Innenstadt Telgte Matktplatz 1 km<br />
– 800 m zum Emskanal.<br />
– Dümmertparkanlage 800m<br />
– Religio Westfälisches Museum 1,2 km<br />
– Nettofiliale fußläufig 350m<br />
– Münster Innenstadt 13 km<br />
– Autobahnanbindung A43 über die Umgehungstraße B51<br />
– Die Schulen, Banken und der Einkauf des täglichen Bedarfs befinden sich umliegend in unmittelbarer Nähe.</p>
<p>&nbsp;</p>
<p><strong>Energieausweis</strong></p>
<p>Typ:Bedarf<br />
Kennwert:30,1 Wh/(m²a)<br />
WW inkl.:Ja<br />
Energieträger /Heiz. Art:LWWP/Solar/Strom<br />
EFK:A+, Erstellungsdatum: 19.08.20 Gültig bis 2030</p>

<p>Objektbeschreibung Die zur Vermietung stehende 4ZKB Whg. mit Balkon und Aufzug im 1. OG  befindet sich in einem vor 4 Jahren bebauten neubau Mehrfamilienhaus in der Nähe zur Innenstadt-Telgte. Das Mehrfamilienhaus umfasst 11 Wohnungen verschiedener Größen mit 2-3-4 Zimmern, Bad mit Dusche, sowie Balkon/Terrasse/Dachterrasse. Die Wohnung hat eine offene Küche ausgestatet mit EBK Inkl. Elektrogeräten, [&hellip;]</p>

Unsere Angebote basieren auf den Angaben unseres Auftraggebers. Eine Haftung für die Richtigkeit und Vollständigkeit der Angebote werden von uns nicht übernommen.

Solar, Strom, LW Wärmepumpe

Gültig bis 2041
