{"id":19663,"date":"2026-01-21T03:08:21","date_gmt":"2026-01-21T03:08:21","guid":{"rendered":"https:\/\/city.maxim-design.de\/?post_type=property&#038;p=19663"},"modified":"2026-02-17T11:47:38","modified_gmt":"2026-02-17T11:47:38","slug":"120-m2-bueroraeume-in-altenberge","status":"publish","type":"property","link":"https:\/\/citykontaktimmobilien.de\/?property=120-m2-bueroraeume-in-altenberge","title":{"rendered":"120 m\u00b2 B\u00fcror\u00e4ume in Altenberge"},"content":{"rendered":"<p>Objekt:<\/p>\n<p>Die zur Vermietung stehenden 120,00m\u00b2 3 B\u00fcror\u00e4ume befindet<\/p>\n<p>sich im 1.OG eines B\u00fcrohauses im Gewerbegebiet Siemenstra\u00dfe in Altenberge.<\/p>\n<p>\u2013\u00a0 B\u00fcrofl\u00e4che\u00a0 120 m\u00b2<\/p>\n<p>\u2013\u00a0 4 B\u00fcror\u00e4ume<\/p>\n<p>\u2013\u00a0 Teek\u00fcche<\/p>\n<p>\u2013\u00a0 Damen u- Herren WC mit Dusche<\/p>\n<p>\u2013\u00a0 geflieste B\u00f6den<\/p>\n<p>\u2013\u00a0 Beleuchtungen<\/p>\n<p>\u2013\u00a0 1 Stellplatz<\/p>\n<p>B\u00fcrofl\u00e4chen ab. 33 m\u00b2 bis 120,00 m\u00b2 mit WC, optional anzumieten.<\/p>\n<p>&nbsp;<\/p>\n<p>Ausstattung:<\/p>\n<p>\u2013 B\u00fcrofl\u00e4che 120 m\u00b2<br \/>\n\u2013 Deckenh\u00f6he 2,50m<br \/>\n\u2013 Geflieste B\u00f6den<br \/>\n\u2013 Damen u. Herren WC mit Dusche<br \/>\n\u2013 Beleuchtungen<\/p>\n<p>&nbsp;<\/p>\n<p>Lage:<\/p>\n<p>Die B\u00fcror\u00e4umlichkeiten befinden sich im Gewerbegebiet Siemensstr. in Altenberge<\/p>\n<p>&nbsp;<\/p>\n<p>Infrastruktur:<\/p>\n<p>-ca.20km bis zur Innenstadt M\u00fcnster<br \/>\n-Gewerbegebiet Siemensstr. Altenberge<br \/>\n-Autobahnen A1 und A43, ca.14 km.<\/p>\n","protected":false},"excerpt":{"rendered":"<p>Objekt: Die zur Vermietung stehenden 120,00m\u00b2 3 B\u00fcror\u00e4ume befindet sich im 1.OG eines B\u00fcrohauses im Gewerbegebiet Siemenstra\u00dfe in Altenberge. \u2013\u00a0 B\u00fcrofl\u00e4che\u00a0 120 m\u00b2 \u2013\u00a0 4 B\u00fcror\u00e4ume \u2013\u00a0 Teek\u00fcche \u2013\u00a0 Damen u- Herren WC mit Dusche \u2013\u00a0 geflieste B\u00f6den \u2013\u00a0 Beleuchtungen \u2013\u00a0 1 Stellplatz B\u00fcrofl\u00e4chen ab. 33 m\u00b2 bis 120,00 m\u00b2 mit WC, optional anzumieten. &nbsp; [&hellip;]<\/p>\n","protected":false},"author":2,"featured_media":19657,"parent":0,"menu_order":0,"template":"","property_type":[108,110],"property_status":[123],"property_feature":[],"property_label":[133],"property_country":[115],"property_state":[152],"property_city":[],"property_area":[158],"class_list":["post-19663","property","type-property","status-publish","has-post-thumbnail","hentry","property_type-gewerbliche-immobilien","property_type-vermietung-gewerbliche-immobilien","property_status-zur-vermietung","property_label-referenzobjekt","property_country-deutschland","property_state-kreis-steinfurt","property_area-gewerbegebiet-siemens-boschstrasse"],"property_meta":{"fave_property_bathrooms":["2"],"fave_property_rooms":["4"],"fave_property_size":["120"],"fave_property_garage_size":["1"],"fave_property_year":["2006"],"fave_property_price":["804"],"fave_property_price_postfix":["Kaltmiete"],"fave_show_price_placeholder":["0"],"additional_features":["a:3:{i:0;a:2:{s:29:\"fave_additional_feature_title\";s:9:\"Teek\u00fcche\";s:29:\"fave_additional_feature_value\";s:2:\"Ja\";}i:1;a:2:{s:29:\"fave_additional_feature_title\";s:6:\"B\u00fcros\";s:29:\"fave_additional_feature_value\";s:1:\"4\";}i:2;a:2:{s:29:\"fave_additional_feature_title\";s:2:\"WC\";s:29:\"fave_additional_feature_value\";s:1:\"2\";}}"],"fave_additional_features_enable":["enable"],"fave_featured":["0"],"houzez_featured_listing_date":[""],"fave_loggedintoview":["0"],"fave_neben-und-betriebskosten":["258"],"fave_heizkosten":["inkl. Heizkosten"],"fave_c3bcbergabe-ab":["Sofort"],"fave_gc3a4ste-wc":["Nein"],"fave_provision":["3"],"fave_provisionsbasis":["Netto-Monatskaltmieten"],"fave_mehrwertsteuer":["zzgl. 19 % MwSt."],"fave_property_zip":["48341"],"fave_property_map_address":["Siemensstra\u00dfe, Gewerbegebiet Altenberge-West \/ Boschstra\u00dfe, Altenberge, Kreis Steinfurt, Nordrhein-Westfalen, 48341, Deutschland"],"fave_property_address":["Siemensstra\u00dfe, Gewerbegebiet Altenberge-West \/ Boschstra\u00dfe, Altenberge, Kreis Steinfurt, Nordrhein-Westfalen, 48341, Deutschland"],"houzez_geolocation_lat":["52.040675"],"houzez_geolocation_long":["7.4540209"],"fave_property_location":["52.040675,7.4540209"],"fave_property_map":["1"],"fave_property_map_street_view":[null],"fave_property_id":["Cki 1650"],"fave_property_disclaimer":["Unsere Angebote basieren auf den Angaben unseres Auftraggebers. Eine Haftung f\u00fcr die Richtigkeit und Vollst\u00e4ndigkeit der Angebote werden von uns nicht \u00fcbernommen."],"fave_energy_global_index":["72"],"fave_renewable_energy_global_index":["Bedarf"],"fave_energy_performance":["Ja"],"fave_epc_current_rating":["Gas"],"fave_epc_potential_rating":["G\u00fcltig bis fr\u00fchstens 2034"],"fave_payment_status":["not_paid"],"fave_agent_display_option":["author_info"],"fave_mortgage_cal":["0"],"_edit_lock":["1769078866:1"],"_edit_last":["1"],"fave_single_top_area":["global"],"fave_single_content_area":["global"],"houzez_manual_expire":["0"],"_houzez_expiration_date_status":["saved"],"houzez_total_property_views":["88"],"houzez_views_by_date":["a:44:{s:10:\"01-21-2026\";i:3;s:10:\"01-22-2026\";i:12;s:10:\"01-23-2026\";i:9;s:10:\"01-26-2026\";i:1;s:10:\"01-29-2026\";i:1;s:10:\"01-31-2026\";i:1;s:10:\"02-02-2026\";i:1;s:10:\"02-12-2026\";i:3;s:10:\"02-16-2026\";i:4;s:10:\"02-17-2026\";i:2;s:10:\"02-19-2026\";i:3;s:10:\"02-23-2026\";i:1;s:10:\"02-24-2026\";i:2;s:10:\"02-25-2026\";i:5;s:10:\"02-26-2026\";i:1;s:10:\"02-27-2026\";i:2;s:10:\"03-01-2026\";i:1;s:10:\"03-02-2026\";i:2;s:10:\"03-04-2026\";i:2;s:10:\"03-07-2026\";i:1;s:10:\"03-10-2026\";i:2;s:10:\"03-13-2026\";i:1;s:10:\"03-15-2026\";i:1;s:10:\"03-17-2026\";i:1;s:10:\"03-20-2026\";i:1;s:10:\"03-22-2026\";i:1;s:10:\"03-23-2026\";i:2;s:10:\"03-25-2026\";i:2;s:10:\"03-29-2026\";i:2;s:10:\"03-30-2026\";i:1;s:10:\"04-02-2026\";i:2;s:10:\"04-06-2026\";i:1;s:10:\"04-07-2026\";i:1;s:10:\"04-09-2026\";i:2;s:10:\"04-11-2026\";i:1;s:10:\"04-15-2026\";i:1;s:10:\"04-16-2026\";i:1;s:10:\"04-20-2026\";i:2;s:10:\"04-21-2026\";i:1;s:10:\"04-22-2026\";i:1;s:10:\"04-23-2026\";i:1;s:10:\"04-27-2026\";i:1;s:10:\"04-28-2026\";i:1;s:10:\"04-29-2026\";i:1;}"],"houzez_recently_viewed":["2026-04-29 13:21:47"],"fave_property_bedrooms":[""],"fave_property_garage":[""],"fave_property_price_placeholder":[""],"fave_property_price_prefix":[""],"fave_property_sec_price":[""],"floor_plans":[""],"fave_multi_units":[""],"fave_virtual_tour":[""],"fave_video_url":[""],"fave_property_images":["19657","19658","19659","19660","19661"],"_thumbnail_id":["19657"],"fave_attachments":["19662"],"fave_private_note":[""],"fave_energy_class":[""],"_elementor_page_assets":["a:0:{}"]},"_links":{"self":[{"href":"https:\/\/citykontaktimmobilien.de\/index.php?rest_route=\/wp\/v2\/Objekte\/19663","targetHints":{"allow":["GET"]}}],"collection":[{"href":"https:\/\/citykontaktimmobilien.de\/index.php?rest_route=\/wp\/v2\/Objekte"}],"about":[{"href":"https:\/\/citykontaktimmobilien.de\/index.php?rest_route=\/wp\/v2\/types\/property"}],"author":[{"embeddable":true,"href":"https:\/\/citykontaktimmobilien.de\/index.php?rest_route=\/wp\/v2\/users\/2"}],"version-history":[{"count":2,"href":"https:\/\/citykontaktimmobilien.de\/index.php?rest_route=\/wp\/v2\/Objekte\/19663\/revisions"}],"predecessor-version":[{"id":19666,"href":"https:\/\/citykontaktimmobilien.de\/index.php?rest_route=\/wp\/v2\/Objekte\/19663\/revisions\/19666"}],"wp:featuredmedia":[{"embeddable":true,"href":"https:\/\/citykontaktimmobilien.de\/index.php?rest_route=\/wp\/v2\/media\/19657"}],"wp:attachment":[{"href":"https:\/\/citykontaktimmobilien.de\/index.php?rest_route=%2Fwp%2Fv2%2Fmedia&parent=19663"}],"wp:term":[{"taxonomy":"property_type","embeddable":true,"href":"https:\/\/citykontaktimmobilien.de\/index.php?rest_route=%2Fwp%2Fv2%2Fproperty_type&post=19663"},{"taxonomy":"property_status","embeddable":true,"href":"https:\/\/citykontaktimmobilien.de\/index.php?rest_route=%2Fwp%2Fv2%2Fproperty_status&post=19663"},{"taxonomy":"property_feature","embeddable":true,"href":"https:\/\/citykontaktimmobilien.de\/index.php?rest_route=%2Fwp%2Fv2%2Fproperty_feature&post=19663"},{"taxonomy":"property_label","embeddable":true,"href":"https:\/\/citykontaktimmobilien.de\/index.php?rest_route=%2Fwp%2Fv2%2Fproperty_label&post=19663"},{"taxonomy":"property_country","embeddable":true,"href":"https:\/\/citykontaktimmobilien.de\/index.php?rest_route=%2Fwp%2Fv2%2Fproperty_country&post=19663"},{"taxonomy":"property_state","embeddable":true,"href":"https:\/\/citykontaktimmobilien.de\/index.php?rest_route=%2Fwp%2Fv2%2Fproperty_state&post=19663"},{"taxonomy":"property_city","embeddable":true,"href":"https:\/\/citykontaktimmobilien.de\/index.php?rest_route=%2Fwp%2Fv2%2Fproperty_city&post=19663"},{"taxonomy":"property_area","embeddable":true,"href":"https:\/\/citykontaktimmobilien.de\/index.php?rest_route=%2Fwp%2Fv2%2Fproperty_area&post=19663"}],"curies":[{"name":"wp","href":"https:\/\/api.w.org\/{rel}","templated":true}]}}

120 m² Büroräume in Altenberge

<p>Objekt:</p>
<p>Die zur Vermietung stehenden 120,00m² 3 Büroräume befindet</p>
<p>sich im 1.OG eines Bürohauses im Gewerbegebiet Siemenstraße in Altenberge.</p>
<p>–  Bürofläche  120 m²</p>
<p>–  4 Büroräume</p>
<p>–  Teeküche</p>
<p>–  Damen u- Herren WC mit Dusche</p>
<p>–  geflieste Böden</p>
<p>–  Beleuchtungen</p>
<p>–  1 Stellplatz</p>
<p>Büroflächen ab. 33 m² bis 120,00 m² mit WC, optional anzumieten.</p>
<p>&nbsp;</p>
<p>Ausstattung:</p>
<p>– Bürofläche 120 m²<br />
– Deckenhöhe 2,50m<br />
– Geflieste Böden<br />
– Damen u. Herren WC mit Dusche<br />
– Beleuchtungen</p>
<p>&nbsp;</p>
<p>Lage:</p>
<p>Die Büroräumlichkeiten befinden sich im Gewerbegebiet Siemensstr. in Altenberge</p>
<p>&nbsp;</p>
<p>Infrastruktur:</p>
<p>-ca.20km bis zur Innenstadt Münster<br />
-Gewerbegebiet Siemensstr. Altenberge<br />
-Autobahnen A1 und A43, ca.14 km.</p>

<p>Objekt: Die zur Vermietung stehenden 120,00m² 3 Büroräume befindet sich im 1.OG eines Bürohauses im Gewerbegebiet Siemenstraße in Altenberge. –  Bürofläche  120 m² –  4 Büroräume –  Teeküche –  Damen u- Herren WC mit Dusche –  geflieste Böden –  Beleuchtungen –  1 Stellplatz Büroflächen ab. 33 m² bis 120,00 m² mit WC, optional anzumieten. &nbsp; [&hellip;]</p>

a:3:{i:0;a:2:{s:29:"fave_additional_feature_title";s:9:"Teeküche";s:29:"fave_additional_feature_value";s:2:"Ja";}i:1;a:2:{s:29:"fave_additional_feature_title";s:6:"Büros";s:29:"fave_additional_feature_value";s:1:"4";}i:2;a:2:{s:29:"fave_additional_feature_title";s:2:"WC";s:29:"fave_additional_feature_value";s:1:"2";}}

Siemensstraße, Gewerbegebiet Altenberge-West / Boschstraße, Altenberge, Kreis Steinfurt, Nordrhein-Westfalen, 48341, Deutschland

Unsere Angebote basieren auf den Angaben unseres Auftraggebers. Eine Haftung für die Richtigkeit und Vollständigkeit der Angebote werden von uns nicht übernommen.

Gültig bis frühstens 2034
