{"id":19840,"date":"2026-01-27T00:00:52","date_gmt":"2026-01-27T00:00:52","guid":{"rendered":"https:\/\/city.maxim-design.de\/?post_type=property&#038;p=19840"},"modified":"2026-03-04T13:40:53","modified_gmt":"2026-03-04T13:40:53","slug":"kernsaniertes-single-app-mit-ebk-und-balkon-naehe-ukm-mensa-2","status":"publish","type":"property","link":"https:\/\/citykontaktimmobilien.de\/?property=kernsaniertes-single-app-mit-ebk-und-balkon-naehe-ukm-mensa-2","title":{"rendered":"Kernsaniertes Single App. mit EBK und Balkon N\u00e4he UKM-Mensa 2"},"content":{"rendered":"<p><strong>Objekt:<\/strong><\/p>\n<p>Das zur Vermietung stehende ca. 40,00 m\u00b2 kernsanierte App. mit EBK und Balkon befindet sich im 1.OG eines MFH n\u00e4he Mensa 2, Universit\u00e4tskliniken am Coesfelder Kreuz.<br \/>\n\u2013 Wohn\/Schlafzimmer\/K\u00fcchenbereich<br \/>\n\u2013 Diele<br \/>\n\u2013 Bad mit Dusche<br \/>\n\u2013 Balkon S\u00fcdausrichtung<br \/>\n\u2013 Die offene ist K\u00fcche ausgestattet mit EBK inkl. Elektroger\u00e4ten (Ohne K\u00fchlschrank)<br \/>\n-Allgemeine Waschk\u00fcche<br \/>\n-ca. 7,00 m\u00b2 Kellerraum vorhanden.<br \/>\n-Einbauk\u00fcche inkl. Ofen\/Herd, Sp\u00fclmaschine 40,00 \u20ac\/mtl. zzgl.<br \/>\n-Autostellplatz 30,00 \u20ac \/Mtl. zzgl.<br \/>\nDas App. wird nur an Einzelpersonen vermietet.<\/p>\n<p>&nbsp;<\/p>\n<p><strong>Lage:<\/strong><\/p>\n<p>Die Wohnung befindet sich in N\u00e4he der Mensa 2 und den Unikliniken.<br \/>\n\u2013 Mensa 100 m<br \/>\n\u2013 Uniklinik 500 m<br \/>\n\u2013 Schloss 1,4 km<br \/>\n\u2013 Aasee 2 km<br \/>\n\u2013 Innenstadt 2,8 km<br \/>\n\u2013 im Umkreis von 2 km befinden sich fast alle Fachbereiche sowie Physik, Geologie, Mathematik, Biologie, Chemie und Informatik, Soziologie und Psychologie, Fachhochschule, Mensa und die Uniklinik mit ca. 7.300 Mitarbeitern.<\/p>\n<p>&nbsp;<\/p>\n<p><strong>Ausstattung:<\/strong><\/p>\n<p>2021 Kernsaniert:<br \/>\n\u2013 Wohn\/ Schlafen<br \/>\n\u2013 EDV\/Lan Verkabelung<br \/>\n\u2013 Beleuchtung in allen R\u00e4umen vorhanden<br \/>\n\u2013 LED Spiegel im Bad, LED Fernbediente Lampen im Wohnbereich<br \/>\n\u2013 Offene K\u00fcche mit EBK (2021)<br \/>\n\u2013 Bad mit Dusche exklusiver Ausstattung<br \/>\n\u2013 Bad mit Fu\u00dfbodenheizung<br \/>\n\u2013 Komplett gefliest<br \/>\n\u2013 Doppelverglaste Fenster (2018)<br \/>\n\u2013 Gardinenschienen und Anthrazite Vorh\u00e4nge vorhanden<br \/>\n\u2013 Sichtschutz Folierung Teilfl\u00e4che<br \/>\n\u2013 Balkon \u00fcberdacht<br \/>\n\u2013 Durchgehende Fensterfront zum Hof<br \/>\n\u2013 Elektro und Wasserleitungen 2021 erneuert.<br \/>\n\u2013 Autostellplatz 30,00 \u20ac\/mtl. zzgl.<br \/>\n\u2013 EBK mit Ger\u00e4ten ohne K\u00fchlschrank 40,00 \u20ac\/mtl. zzgl.<\/p>\n<p>&nbsp;<\/p>\n<p><strong>Infrastruktur:<\/strong><\/p>\n<p>Das Objekt befindet sich mitten im Universit\u00e4tsgel\u00e4nde<br \/>\nMensa 100m<br \/>\nUKM ca. 500m<br \/>\nGievenbeck Centrum 800m.<br \/>\nAasee 2 km<br \/>\nSchloss 1,4 km<br \/>\nInnenstadt M\u00fcnster 3,0 km<br \/>\nIm Umkreis von einem Kilometer befinden sich s\u00e4mtliche \u00c4rzte, Banken, Discounterm\u00e4rkte und Gesch\u00e4fte des t\u00e4glichen Bedarfs.<br \/>\nDas Coesfelder Kreuz mit s\u00e4mtlichen Buslinien sowie die Mensa liegen direkt vor der T\u00fcr.<\/p>\n<p>&nbsp;<\/p>\n<p><strong>Energieausweis:<\/strong><\/p>\n<p>Typ:Verbrauch, Kennwert:132,00kWh\/(m\u00b2a)<br \/>\nWW inkl.:Ja, Energietr\u00e4ger \/Heiz.Art:Gas<br \/>\nEFK:, Erstell.Datum: Ab 01.05.2014<\/p>\n","protected":false},"excerpt":{"rendered":"<p>Objekt: Das zur Vermietung stehende ca. 40,00 m\u00b2 kernsanierte App. mit EBK und Balkon befindet sich im 1.OG eines MFH n\u00e4he Mensa 2, Universit\u00e4tskliniken am Coesfelder Kreuz. \u2013 Wohn\/Schlafzimmer\/K\u00fcchenbereich \u2013 Diele \u2013 Bad mit Dusche \u2013 Balkon S\u00fcdausrichtung \u2013 Die offene ist K\u00fcche ausgestattet mit EBK inkl. Elektroger\u00e4ten (Ohne K\u00fchlschrank) -Allgemeine Waschk\u00fcche -ca. 7,00 m\u00b2 [&hellip;]<\/p>\n","protected":false},"author":2,"featured_media":20310,"parent":0,"menu_order":0,"template":"","property_type":[31,81],"property_status":[123],"property_feature":[],"property_label":[43],"property_country":[115],"property_state":[],"property_city":[136],"property_area":[161],"class_list":["post-19840","property","type-property","status-publish","has-post-thumbnail","hentry","property_type-private-immobilien","property_type-vermietung","property_status-zur-vermietung","property_label-exklusiv","property_country-deutschland","property_city-muenster","property_area-sentrup"],"property_meta":{"fave_property_bathrooms":["1"],"fave_property_bedrooms":["1"],"fave_property_rooms":["1"],"fave_property_size":["40"],"fave_property_garage":[""],"fave_property_garage_size":["1"],"fave_property_year":["1983, Saniert 2021"],"fave_property_price":["600"],"fave_property_price_placeholder":[""],"fave_property_price_prefix":[""],"fave_property_price_postfix":["Kaltmiete"],"fave_property_sec_price":[""],"fave_show_price_placeholder":["0"],"additional_features":["a:7:{i:0;a:2:{s:29:\"fave_additional_feature_title\";s:15:\"EDV Verkabelung\";s:29:\"fave_additional_feature_value\";s:2:\"Ja\";}i:1;a:2:{s:29:\"fave_additional_feature_title\";s:16:\"Fu\u00dfbodenheizung\";s:29:\"fave_additional_feature_value\";s:3:\"Bad\";}i:2;a:2:{s:29:\"fave_additional_feature_title\";s:11:\"Beleuchtung\";s:29:\"fave_additional_feature_value\";s:2:\"Ja\";}i:3;a:2:{s:29:\"fave_additional_feature_title\";s:6:\"Dusche\";s:29:\"fave_additional_feature_value\";s:9:\"Ebenerdig\";}i:4;a:2:{s:29:\"fave_additional_feature_title\";s:6:\"Balkon\";s:29:\"fave_additional_feature_value\";s:2:\"Ja\";}i:5;a:2:{s:29:\"fave_additional_feature_title\";s:11:\"N\u00e4he Mensa\";s:29:\"fave_additional_feature_value\";s:20:\"P+R Coesfelder Kreuz\";}i:6;a:2:{s:29:\"fave_additional_feature_title\";s:6:\"K\u00fcche\";s:29:\"fave_additional_feature_value\";s:12:\"mit Ger\u00e4ten\";}}"],"fave_additional_features_enable":["enable"],"floor_plans":[""],"fave_multi_units":[""],"fave_featured":["0"],"houzez_featured_listing_date":[""],"fave_virtual_tour":[""],"fave_loggedintoview":["0"],"fave_neben-und-betriebskosten":["130"],"fave_heizkosten":["inkl. Heizkosten"],"fave_c3bcbergabe-ab":["01.02.2026"],"fave_preis-stellplatz-mtl":["30"],"fave_gc3a4ste-wc":["Nein"],"fave_anzahl-balkone":["1"],"fave_einbaukc3bcche-vorhanden":["Ja"],"fave_preis-einbaukc3bcche-mtl":["40"],"fave_aufzug":["Nein"],"fave_video_url":[""],"fave_property_zip":["48149"],"fave_property_map_address":["Von-Esmarch-Stra\u00dfe 28, 48149 M\u00fcnster"],"fave_property_address":["Von-Esmarch-Stra\u00dfe 28, 48149 M\u00fcnster"],"houzez_geolocation_lat":["51.9654106"],"houzez_geolocation_long":["7.5952113"],"fave_property_location":["51.9654106,7.5952113"],"fave_property_map":["1"],"fave_property_map_street_view":[null],"fave_property_id":["Cki 1572"],"fave_private_note":[""],"fave_property_disclaimer":["Unsere Angebote basieren auf den Angaben unseres Auftraggebers. Eine Haftung f\u00fcr die Richtigkeit und Vollst\u00e4ndigkeit der Angebote werden von uns nicht \u00fcbernommen"],"fave_energy_class":[""],"fave_energy_global_index":["132"],"fave_renewable_energy_global_index":["Verbrauch"],"fave_energy_performance":["Ja"],"fave_epc_current_rating":["Gas"],"fave_epc_potential_rating":["Mind. G\u00fcltig bis 2034"],"fave_payment_status":["not_paid"],"fave_agent_display_option":["author_info"],"fave_mortgage_cal":["0"],"houzez_total_property_views":["79"],"houzez_views_by_date":["a:51:{s:10:\"01-27-2026\";i:3;s:10:\"01-28-2026\";i:1;s:10:\"01-31-2026\";i:1;s:10:\"02-10-2026\";i:2;s:10:\"02-12-2026\";i:1;s:10:\"02-13-2026\";i:2;s:10:\"02-15-2026\";i:1;s:10:\"02-16-2026\";i:3;s:10:\"02-23-2026\";i:3;s:10:\"02-24-2026\";i:1;s:10:\"02-25-2026\";i:3;s:10:\"02-27-2026\";i:2;s:10:\"02-28-2026\";i:1;s:10:\"03-01-2026\";i:4;s:10:\"03-02-2026\";i:1;s:10:\"03-03-2026\";i:1;s:10:\"03-07-2026\";i:1;s:10:\"03-10-2026\";i:2;s:10:\"03-12-2026\";i:1;s:10:\"03-13-2026\";i:1;s:10:\"03-15-2026\";i:1;s:10:\"03-17-2026\";i:1;s:10:\"03-18-2026\";i:1;s:10:\"03-20-2026\";i:1;s:10:\"03-21-2026\";i:1;s:10:\"03-22-2026\";i:1;s:10:\"03-23-2026\";i:1;s:10:\"03-24-2026\";i:3;s:10:\"03-25-2026\";i:2;s:10:\"03-27-2026\";i:1;s:10:\"03-29-2026\";i:1;s:10:\"03-30-2026\";i:2;s:10:\"03-31-2026\";i:2;s:10:\"04-02-2026\";i:1;s:10:\"04-03-2026\";i:2;s:10:\"04-06-2026\";i:1;s:10:\"04-07-2026\";i:1;s:10:\"04-08-2026\";i:1;s:10:\"04-09-2026\";i:3;s:10:\"04-10-2026\";i:1;s:10:\"04-11-2026\";i:1;s:10:\"04-12-2026\";i:1;s:10:\"04-15-2026\";i:2;s:10:\"04-16-2026\";i:1;s:10:\"04-20-2026\";i:2;s:10:\"04-21-2026\";i:2;s:10:\"04-22-2026\";i:1;s:10:\"04-23-2026\";i:3;s:10:\"04-27-2026\";i:1;s:10:\"04-28-2026\";i:1;s:10:\"04-30-2026\";i:1;}"],"houzez_recently_viewed":["2026-04-30 16:19:11"],"fave_property_images":["20310","20298","20303","20299","20312","20311","20302","20305","20306","20300","20301","20304","20308","20309","20307","19838","20313"],"_thumbnail_id":["20310"],"fave_attachments":["19839"],"_elementor_page_assets":["a:0:{}"]},"_links":{"self":[{"href":"https:\/\/citykontaktimmobilien.de\/index.php?rest_route=\/wp\/v2\/Objekte\/19840","targetHints":{"allow":["GET"]}}],"collection":[{"href":"https:\/\/citykontaktimmobilien.de\/index.php?rest_route=\/wp\/v2\/Objekte"}],"about":[{"href":"https:\/\/citykontaktimmobilien.de\/index.php?rest_route=\/wp\/v2\/types\/property"}],"author":[{"embeddable":true,"href":"https:\/\/citykontaktimmobilien.de\/index.php?rest_route=\/wp\/v2\/users\/2"}],"version-history":[{"count":3,"href":"https:\/\/citykontaktimmobilien.de\/index.php?rest_route=\/wp\/v2\/Objekte\/19840\/revisions"}],"predecessor-version":[{"id":20297,"href":"https:\/\/citykontaktimmobilien.de\/index.php?rest_route=\/wp\/v2\/Objekte\/19840\/revisions\/20297"}],"wp:featuredmedia":[{"embeddable":true,"href":"https:\/\/citykontaktimmobilien.de\/index.php?rest_route=\/wp\/v2\/media\/20310"}],"wp:attachment":[{"href":"https:\/\/citykontaktimmobilien.de\/index.php?rest_route=%2Fwp%2Fv2%2Fmedia&parent=19840"}],"wp:term":[{"taxonomy":"property_type","embeddable":true,"href":"https:\/\/citykontaktimmobilien.de\/index.php?rest_route=%2Fwp%2Fv2%2Fproperty_type&post=19840"},{"taxonomy":"property_status","embeddable":true,"href":"https:\/\/citykontaktimmobilien.de\/index.php?rest_route=%2Fwp%2Fv2%2Fproperty_status&post=19840"},{"taxonomy":"property_feature","embeddable":true,"href":"https:\/\/citykontaktimmobilien.de\/index.php?rest_route=%2Fwp%2Fv2%2Fproperty_feature&post=19840"},{"taxonomy":"property_label","embeddable":true,"href":"https:\/\/citykontaktimmobilien.de\/index.php?rest_route=%2Fwp%2Fv2%2Fproperty_label&post=19840"},{"taxonomy":"property_country","embeddable":true,"href":"https:\/\/citykontaktimmobilien.de\/index.php?rest_route=%2Fwp%2Fv2%2Fproperty_country&post=19840"},{"taxonomy":"property_state","embeddable":true,"href":"https:\/\/citykontaktimmobilien.de\/index.php?rest_route=%2Fwp%2Fv2%2Fproperty_state&post=19840"},{"taxonomy":"property_city","embeddable":true,"href":"https:\/\/citykontaktimmobilien.de\/index.php?rest_route=%2Fwp%2Fv2%2Fproperty_city&post=19840"},{"taxonomy":"property_area","embeddable":true,"href":"https:\/\/citykontaktimmobilien.de\/index.php?rest_route=%2Fwp%2Fv2%2Fproperty_area&post=19840"}],"curies":[{"name":"wp","href":"https:\/\/api.w.org\/{rel}","templated":true}]}}

Kernsaniertes Single App. mit EBK und Balkon Nähe UKM-Mensa 2

<p><strong>Objekt:</strong></p>
<p>Das zur Vermietung stehende ca. 40,00 m² kernsanierte App. mit EBK und Balkon befindet sich im 1.OG eines MFH nähe Mensa 2, Universitätskliniken am Coesfelder Kreuz.<br />
– Wohn/Schlafzimmer/Küchenbereich<br />
– Diele<br />
– Bad mit Dusche<br />
– Balkon Südausrichtung<br />
– Die offene ist Küche ausgestattet mit EBK inkl. Elektrogeräten (Ohne Kühlschrank)<br />
-Allgemeine Waschküche<br />
-ca. 7,00 m² Kellerraum vorhanden.<br />
-Einbauküche inkl. Ofen/Herd, Spülmaschine 40,00 €/mtl. zzgl.<br />
-Autostellplatz 30,00 € /Mtl. zzgl.<br />
Das App. wird nur an Einzelpersonen vermietet.</p>
<p>&nbsp;</p>
<p><strong>Lage:</strong></p>
<p>Die Wohnung befindet sich in Nähe der Mensa 2 und den Unikliniken.<br />
– Mensa 100 m<br />
– Uniklinik 500 m<br />
– Schloss 1,4 km<br />
– Aasee 2 km<br />
– Innenstadt 2,8 km<br />
– im Umkreis von 2 km befinden sich fast alle Fachbereiche sowie Physik, Geologie, Mathematik, Biologie, Chemie und Informatik, Soziologie und Psychologie, Fachhochschule, Mensa und die Uniklinik mit ca. 7.300 Mitarbeitern.</p>
<p>&nbsp;</p>
<p><strong>Ausstattung:</strong></p>
<p>2021 Kernsaniert:<br />
– Wohn/ Schlafen<br />
– EDV/Lan Verkabelung<br />
– Beleuchtung in allen Räumen vorhanden<br />
– LED Spiegel im Bad, LED Fernbediente Lampen im Wohnbereich<br />
– Offene Küche mit EBK (2021)<br />
– Bad mit Dusche exklusiver Ausstattung<br />
– Bad mit Fußbodenheizung<br />
– Komplett gefliest<br />
– Doppelverglaste Fenster (2018)<br />
– Gardinenschienen und Anthrazite Vorhänge vorhanden<br />
– Sichtschutz Folierung Teilfläche<br />
– Balkon überdacht<br />
– Durchgehende Fensterfront zum Hof<br />
– Elektro und Wasserleitungen 2021 erneuert.<br />
– Autostellplatz 30,00 €/mtl. zzgl.<br />
– EBK mit Geräten ohne Kühlschrank 40,00 €/mtl. zzgl.</p>
<p>&nbsp;</p>
<p><strong>Infrastruktur:</strong></p>
<p>Das Objekt befindet sich mitten im Universitätsgelände<br />
Mensa 100m<br />
UKM ca. 500m<br />
Gievenbeck Centrum 800m.<br />
Aasee 2 km<br />
Schloss 1,4 km<br />
Innenstadt Münster 3,0 km<br />
Im Umkreis von einem Kilometer befinden sich sämtliche Ärzte, Banken, Discountermärkte und Geschäfte des täglichen Bedarfs.<br />
Das Coesfelder Kreuz mit sämtlichen Buslinien sowie die Mensa liegen direkt vor der Tür.</p>
<p>&nbsp;</p>
<p><strong>Energieausweis:</strong></p>
<p>Typ:Verbrauch, Kennwert:132,00kWh/(m²a)<br />
WW inkl.:Ja, Energieträger /Heiz.Art:Gas<br />
EFK:, Erstell.Datum: Ab 01.05.2014</p>

<p>Objekt: Das zur Vermietung stehende ca. 40,00 m² kernsanierte App. mit EBK und Balkon befindet sich im 1.OG eines MFH nähe Mensa 2, Universitätskliniken am Coesfelder Kreuz. – Wohn/Schlafzimmer/Küchenbereich – Diele – Bad mit Dusche – Balkon Südausrichtung – Die offene ist Küche ausgestattet mit EBK inkl. Elektrogeräten (Ohne Kühlschrank) -Allgemeine Waschküche -ca. 7,00 m² [&hellip;]</p>

a:7:{i:0;a:2:{s:29:"fave_additional_feature_title";s:15:"EDV Verkabelung";s:29:"fave_additional_feature_value";s:2:"Ja";}i:1;a:2:{s:29:"fave_additional_feature_title";s:16:"Fußbodenheizung";s:29:"fave_additional_feature_value";s:3:"Bad";}i:2;a:2:{s:29:"fave_additional_feature_title";s:11:"Beleuchtung";s:29:"fave_additional_feature_value";s:2:"Ja";}i:3;a:2:{s:29:"fave_additional_feature_title";s:6:"Dusche";s:29:"fave_additional_feature_value";s:9:"Ebenerdig";}i:4;a:2:{s:29:"fave_additional_feature_title";s:6:"Balkon";s:29:"fave_additional_feature_value";s:2:"Ja";}i:5;a:2:{s:29:"fave_additional_feature_title";s:11:"Nähe Mensa";s:29:"fave_additional_feature_value";s:20:"P+R Coesfelder Kreuz";}i:6;a:2:{s:29:"fave_additional_feature_title";s:6:"Küche";s:29:"fave_additional_feature_value";s:12:"mit Geräten";}}

Von-Esmarch-Straße 28, 48149 Münster

Unsere Angebote basieren auf den Angaben unseres Auftraggebers. Eine Haftung für die Richtigkeit und Vollständigkeit der Angebote werden von uns nicht übernommen

Mind. Gültig bis 2034
