{"id":20246,"date":"2026-03-01T09:29:20","date_gmt":"2026-03-01T09:29:20","guid":{"rendered":"https:\/\/city.maxim-design.de\/?post_type=property&#038;p=20246"},"modified":"2026-03-05T20:12:51","modified_gmt":"2026-03-05T20:12:51","slug":"exklusive-4zkb-whg-mit-balkon-und-aufzug-in-telgte-cki-1667","status":"publish","type":"property","link":"https:\/\/citykontaktimmobilien.de\/?property=exklusive-4zkb-whg-mit-balkon-und-aufzug-in-telgte-cki-1667","title":{"rendered":"Exklusive 4ZKB Whg. mit Balkon und Aufzug in Telgte. Cki 1667"},"content":{"rendered":"<p><strong>Objektbeschreibung:<\/strong><\/p>\n<p>Die zur Vermietung stehende 4ZKB Whg. mit Balkon und Aufzug\u00a0 befindet sich in einem vor 4 Jahren bebauten Neubau Mehrfamilienhaus in der N\u00e4he zur Innenstadt-Telgte.<\/p>\n<p>Das Mehrfamilienhaus umfasst 11 Wohnungen verschiedener Gr\u00f6\u00dfen mit 2-3-4 Zimmern, Bad mit Dusche, sowie Balkon\/Terrasse\/Dachterrasse.<\/p>\n<p>Die Wohnung hat eine offene K\u00fcche mit Kochinsel, ausgestattet mit EBK Inkl. Elektroger\u00e4ten, die Monatlich 70,00\u20ac zur Nutzung steht.<\/p>\n<p>Zur der Wohnung geh\u00f6rt noch ein Kellerraum, ein Auto Au\u00dfenstellplatz,\u00a0 Allgemeine Waschkeller mit Waschmaschinen und Trocknerstellplatz und Fahrradstellplatz.<\/p>\n<p><strong>Lagebeschreibung:<\/strong><\/p>\n<p>Die Wohnung befindet sich in einem vor vier Jahren bebauten\u00a0 MFH mit 11 Parteien in Telgte, ca. 1km vom Zentrum entfernt.<\/p>\n<p><strong>Ausstattung:<\/strong><\/p>\n<p>Die Wohnung :<\/p>\n<p>\u2013 Gro\u00dfe Wohnzimmer mit offener K\u00fcche u. Kochinsel<\/p>\n<p>\u2013 K\u00fcche ist\u00a0 ausgestattet mit EBK Inkl. Elektroger\u00e4ten.<\/p>\n<p>\u2013 Die K\u00fcche wird zur Nutzung 70,00\u20ac\/mtl. berechnet.<\/p>\n<p>\u2013 3 Schlafzimmer<\/p>\n<p>\u2013 Bad mit Dusche und Designer-Ausstattungen<\/p>\n<p>\u2013 Diele<\/p>\n<p>\u2013 Abstellraum<\/p>\n<p>\u2013 Kellerraum Ca. 7,00m\u00b2<\/p>\n<p>\u2013 Autostellplatz au\u00dfen zzgl. 25,00\u20ac\/mtl.<\/p>\n<p>\u2013 Bodenbelag Vinyl Holzoptik<\/p>\n<p>\u2013 Bad gefliest<\/p>\n<p>\u2013 Fu\u00dfbodenheizung<\/p>\n<p>Das Haus:<\/p>\n<p>\u2013 3 Geschosse<\/p>\n<p>\u2013 Klinkerfassade<\/p>\n<p>\u2013 Dreifachverglaste Fenster<\/p>\n<p>\u2013 Elektrische Kunststoffrolll\u00e4den<\/p>\n<p>\u2013 Luft\/Wasser WP Heizung \/Umweltw\u00e4rme und Solar<\/p>\n<p>\u2013 Fu\u00dfbodenheizung<\/p>\n<p>\u2013 Aufzug<\/p>\n<p>\u2013 Zur allgemeinen Nutzung Waschkeller u. Fahrradkeller<\/p>\n<p><strong>Infrastruktur:<\/strong><\/p>\n<p>\u2013 B\u00fcrgerhaus Telgte 1 km<\/p>\n<p>\u2013 Innenstadt Telgte Matktplatz 1 km<\/p>\n<p>\u2013 800 m zum Emskanal.<\/p>\n<p>\u2013 D\u00fcmmertparkanlage 800m<\/p>\n<p>\u2013 Religio Westf\u00e4lisches Museum 1,2 km<\/p>\n<p>\u2013 Nettofiliale fu\u00dfl\u00e4ufig 350m<\/p>\n<p>\u2013 M\u00fcnster Innenstadt 13 km<\/p>\n<p>\u2013 Autobahnanbindung A43 \u00fcber die Umgehungstra\u00dfe B51<\/p>\n<p>\u2013 Die Schulen, Banken und der Einkauf des t\u00e4glichen Bedarfs befinden sich\u00a0\u00a0 umliegend in unmittelbarer N\u00e4he<\/p>\n","protected":false},"excerpt":{"rendered":"<p>Objektbeschreibung: Die zur Vermietung stehende 4ZKB Whg. mit Balkon und Aufzug\u00a0 befindet sich in einem vor 4 Jahren bebauten Neubau Mehrfamilienhaus in der N\u00e4he zur Innenstadt-Telgte. Das Mehrfamilienhaus umfasst 11 Wohnungen verschiedener Gr\u00f6\u00dfen mit 2-3-4 Zimmern, Bad mit Dusche, sowie Balkon\/Terrasse\/Dachterrasse. Die Wohnung hat eine offene K\u00fcche mit Kochinsel, ausgestattet mit EBK Inkl. Elektroger\u00e4ten, die [&hellip;]<\/p>\n","protected":false},"author":2,"featured_media":20240,"parent":0,"menu_order":0,"template":"","property_type":[31,81],"property_status":[123],"property_feature":[],"property_label":[54],"property_country":[115],"property_state":[170],"property_city":[],"property_area":[],"class_list":["post-20246","property","type-property","status-publish","has-post-thumbnail","hentry","property_type-private-immobilien","property_type-vermietung","property_status-zur-vermietung","property_label-neu","property_country-deutschland","property_state-kreis-warendorf"],"property_meta":{"fave_property_bathrooms":["2"],"fave_property_bedrooms":["3"],"fave_property_rooms":["4"],"fave_property_size":["102,84"],"fave_property_garage":[""],"fave_property_garage_size":["1"],"fave_property_year":["2021"],"fave_property_price":["1100 Kaltmiete"],"fave_property_price_placeholder":[""],"fave_property_price_prefix":[""],"fave_property_price_postfix":["NK Inkl. Heizkosten"],"fave_property_sec_price":["320"],"fave_show_price_placeholder":["0"],"additional_features":["a:1:{i:0;a:2:{s:29:\"fave_additional_feature_title\";s:0:\"\";s:29:\"fave_additional_feature_value\";s:0:\"\";}}"],"fave_additional_features_enable":["enable"],"floor_plans":[""],"fave_multi_units":[""],"fave_featured":["0"],"houzez_featured_listing_date":[""],"fave_virtual_tour":[""],"fave_loggedintoview":["0"],"fave_neben-und-betriebskosten":["320"],"fave_heizkosten":["inkl. Heizkosten"],"fave_preis-stellplatz-mtl":["25"],"fave_gc3a4ste-wc":["Ja"],"fave_anzahl-terrasse":["1"],"fave_einbaukc3bcche-vorhanden":["Ja"],"fave_preis-einbaukc3bcche-mtl":["75"],"fave_aufzug":["Ja"],"fave_provision":["Nein"],"fave_video_url":[""],"fave_property_zip":["48291"],"fave_property_map_address":["62, Ostbeverner Stra\u00dfe, Telgte, Kreis Warendorf, Nordrhein-Westfalen, 48291, Deutschland"],"fave_property_address":["62, Ostbeverner Stra\u00dfe, Telgte, Kreis Warendorf, Nordrhein-Westfalen, 48291, Deutschland"],"houzez_geolocation_lat":["51.9888984"],"houzez_geolocation_long":["7.7987902"],"fave_property_location":["51.9888984,7.7987902"],"fave_property_map":["1"],"fave_property_map_street_view":[null],"fave_property_id":["Cki 1667"],"fave_private_note":[""],"fave_property_disclaimer":["Unsere Angebote basieren auf den Angaben unseres Auftraggebers. Eine Haftung f\u00fcr die Richtigkeit und Vollst\u00e4ndigkeit der Angebote werden von uns nicht \u00fcbernommen."],"fave_energy_class":["A+"],"fave_energy_global_index":["30,10"],"fave_renewable_energy_global_index":["Bedarf"],"fave_energy_performance":["Ja"],"fave_epc_current_rating":["Solar, Strom, Luft\/Wasserw\u00e4rmepumpe"],"fave_epc_potential_rating":["17.12.2020- G\u00fcltig bis 17.12.2030"],"fave_payment_status":["not_paid"],"fave_agent_display_option":["author_info"],"fave_mortgage_cal":["0"],"houzez_total_property_views":["57"],"houzez_views_by_date":["a:30:{s:10:\"03-01-2026\";i:5;s:10:\"03-02-2026\";i:6;s:10:\"03-03-2026\";i:6;s:10:\"03-07-2026\";i:1;s:10:\"03-10-2026\";i:2;s:10:\"03-13-2026\";i:2;s:10:\"03-15-2026\";i:2;s:10:\"03-17-2026\";i:2;s:10:\"03-18-2026\";i:1;s:10:\"03-22-2026\";i:2;s:10:\"03-24-2026\";i:2;s:10:\"03-25-2026\";i:1;s:10:\"03-26-2026\";i:1;s:10:\"03-29-2026\";i:2;s:10:\"03-30-2026\";i:1;s:10:\"04-02-2026\";i:2;s:10:\"04-03-2026\";i:1;s:10:\"04-06-2026\";i:1;s:10:\"04-07-2026\";i:1;s:10:\"04-09-2026\";i:1;s:10:\"04-11-2026\";i:1;s:10:\"04-12-2026\";i:1;s:10:\"04-14-2026\";i:1;s:10:\"04-15-2026\";i:1;s:10:\"04-16-2026\";i:1;s:10:\"04-20-2026\";i:1;s:10:\"04-21-2026\";i:2;s:10:\"04-22-2026\";i:4;s:10:\"04-23-2026\";i:1;s:10:\"04-28-2026\";i:2;}"],"houzez_recently_viewed":["2026-04-28 21:58:42"],"fave_property_images":["20241","20240","20242","20239","20238","20236","20234","20235","20237","20251","20252","20250","20243","20244"],"_thumbnail_id":["20240"],"fave_attachments":["20245"],"_elementor_page_assets":["a:0:{}"]},"_links":{"self":[{"href":"https:\/\/citykontaktimmobilien.de\/index.php?rest_route=\/wp\/v2\/Objekte\/20246","targetHints":{"allow":["GET"]}}],"collection":[{"href":"https:\/\/citykontaktimmobilien.de\/index.php?rest_route=\/wp\/v2\/Objekte"}],"about":[{"href":"https:\/\/citykontaktimmobilien.de\/index.php?rest_route=\/wp\/v2\/types\/property"}],"author":[{"embeddable":true,"href":"https:\/\/citykontaktimmobilien.de\/index.php?rest_route=\/wp\/v2\/users\/2"}],"version-history":[{"count":5,"href":"https:\/\/citykontaktimmobilien.de\/index.php?rest_route=\/wp\/v2\/Objekte\/20246\/revisions"}],"predecessor-version":[{"id":20254,"href":"https:\/\/citykontaktimmobilien.de\/index.php?rest_route=\/wp\/v2\/Objekte\/20246\/revisions\/20254"}],"wp:featuredmedia":[{"embeddable":true,"href":"https:\/\/citykontaktimmobilien.de\/index.php?rest_route=\/wp\/v2\/media\/20240"}],"wp:attachment":[{"href":"https:\/\/citykontaktimmobilien.de\/index.php?rest_route=%2Fwp%2Fv2%2Fmedia&parent=20246"}],"wp:term":[{"taxonomy":"property_type","embeddable":true,"href":"https:\/\/citykontaktimmobilien.de\/index.php?rest_route=%2Fwp%2Fv2%2Fproperty_type&post=20246"},{"taxonomy":"property_status","embeddable":true,"href":"https:\/\/citykontaktimmobilien.de\/index.php?rest_route=%2Fwp%2Fv2%2Fproperty_status&post=20246"},{"taxonomy":"property_feature","embeddable":true,"href":"https:\/\/citykontaktimmobilien.de\/index.php?rest_route=%2Fwp%2Fv2%2Fproperty_feature&post=20246"},{"taxonomy":"property_label","embeddable":true,"href":"https:\/\/citykontaktimmobilien.de\/index.php?rest_route=%2Fwp%2Fv2%2Fproperty_label&post=20246"},{"taxonomy":"property_country","embeddable":true,"href":"https:\/\/citykontaktimmobilien.de\/index.php?rest_route=%2Fwp%2Fv2%2Fproperty_country&post=20246"},{"taxonomy":"property_state","embeddable":true,"href":"https:\/\/citykontaktimmobilien.de\/index.php?rest_route=%2Fwp%2Fv2%2Fproperty_state&post=20246"},{"taxonomy":"property_city","embeddable":true,"href":"https:\/\/citykontaktimmobilien.de\/index.php?rest_route=%2Fwp%2Fv2%2Fproperty_city&post=20246"},{"taxonomy":"property_area","embeddable":true,"href":"https:\/\/citykontaktimmobilien.de\/index.php?rest_route=%2Fwp%2Fv2%2Fproperty_area&post=20246"}],"curies":[{"name":"wp","href":"https:\/\/api.w.org\/{rel}","templated":true}]}}

<p><strong>Objektbeschreibung:</strong></p>
<p>Die zur Vermietung stehende 4ZKB Whg. mit Balkon und Aufzug  befindet sich in einem vor 4 Jahren bebauten Neubau Mehrfamilienhaus in der Nähe zur Innenstadt-Telgte.</p>
<p>Das Mehrfamilienhaus umfasst 11 Wohnungen verschiedener Größen mit 2-3-4 Zimmern, Bad mit Dusche, sowie Balkon/Terrasse/Dachterrasse.</p>
<p>Die Wohnung hat eine offene Küche mit Kochinsel, ausgestattet mit EBK Inkl. Elektrogeräten, die Monatlich 70,00€ zur Nutzung steht.</p>
<p>Zur der Wohnung gehört noch ein Kellerraum, ein Auto Außenstellplatz,  Allgemeine Waschkeller mit Waschmaschinen und Trocknerstellplatz und Fahrradstellplatz.</p>
<p><strong>Lagebeschreibung:</strong></p>
<p>Die Wohnung befindet sich in einem vor vier Jahren bebauten  MFH mit 11 Parteien in Telgte, ca. 1km vom Zentrum entfernt.</p>
<p><strong>Ausstattung:</strong></p>
<p>Die Wohnung :</p>
<p>– Große Wohnzimmer mit offener Küche u. Kochinsel</p>
<p>– Küche ist  ausgestattet mit EBK Inkl. Elektrogeräten.</p>
<p>– Die Küche wird zur Nutzung 70,00€/mtl. berechnet.</p>
<p>– 3 Schlafzimmer</p>
<p>– Bad mit Dusche und Designer-Ausstattungen</p>
<p>– Diele</p>
<p>– Abstellraum</p>
<p>– Kellerraum Ca. 7,00m²</p>
<p>– Autostellplatz außen zzgl. 25,00€/mtl.</p>
<p>– Bodenbelag Vinyl Holzoptik</p>
<p>– Bad gefliest</p>
<p>– Fußbodenheizung</p>
<p>Das Haus:</p>
<p>– 3 Geschosse</p>
<p>– Klinkerfassade</p>
<p>– Dreifachverglaste Fenster</p>
<p>– Elektrische Kunststoffrollläden</p>
<p>– Luft/Wasser WP Heizung /Umweltwärme und Solar</p>
<p>– Fußbodenheizung</p>
<p>– Aufzug</p>
<p>– Zur allgemeinen Nutzung Waschkeller u. Fahrradkeller</p>
<p><strong>Infrastruktur:</strong></p>
<p>– Bürgerhaus Telgte 1 km</p>
<p>– Innenstadt Telgte Matktplatz 1 km</p>
<p>– 800 m zum Emskanal.</p>
<p>– Dümmertparkanlage 800m</p>
<p>– Religio Westfälisches Museum 1,2 km</p>
<p>– Nettofiliale fußläufig 350m</p>
<p>– Münster Innenstadt 13 km</p>
<p>– Autobahnanbindung A43 über die Umgehungstraße B51</p>
<p>– Die Schulen, Banken und der Einkauf des täglichen Bedarfs befinden sich   umliegend in unmittelbarer Nähe</p>

<p>Objektbeschreibung: Die zur Vermietung stehende 4ZKB Whg. mit Balkon und Aufzug  befindet sich in einem vor 4 Jahren bebauten Neubau Mehrfamilienhaus in der Nähe zur Innenstadt-Telgte. Das Mehrfamilienhaus umfasst 11 Wohnungen verschiedener Größen mit 2-3-4 Zimmern, Bad mit Dusche, sowie Balkon/Terrasse/Dachterrasse. Die Wohnung hat eine offene Küche mit Kochinsel, ausgestattet mit EBK Inkl. Elektrogeräten, die [&hellip;]</p>

62, Ostbeverner Straße, Telgte, Kreis Warendorf, Nordrhein-Westfalen, 48291, Deutschland

Unsere Angebote basieren auf den Angaben unseres Auftraggebers. Eine Haftung für die Richtigkeit und Vollständigkeit der Angebote werden von uns nicht übernommen.

Solar, Strom, Luft/Wasserwärmepumpe

17.12.2020- Gültig bis 17.12.2030
